{"version":"1.0","provider_name":"Sebald.com","provider_url":"https:\/\/www.sebald.com\/en\/","title":"Ladeger\u00e4te und Ladekabel - Sebald.com","type":"rich","width":600,"height":338,"html":"<blockquote class=\"wp-embedded-content\" data-secret=\"bjJfpIFAMd\"><a href=\"https:\/\/www.sebald.com\/en\/2015\/03\/21\/ladegeraete-und-ladekabel\/\">Ladeger\u00e4te und Ladekabel<\/a><\/blockquote><iframe sandbox=\"allow-scripts\" security=\"restricted\" src=\"https:\/\/www.sebald.com\/en\/2015\/03\/21\/ladegeraete-und-ladekabel\/embed\/#?secret=bjJfpIFAMd\" width=\"600\" height=\"338\" title=\"&#8220;Ladeger\u00e4te und Ladekabel&#8221; &#8212; Sebald.com\" data-secret=\"bjJfpIFAMd\" frameborder=\"0\" marginwidth=\"0\" marginheight=\"0\" scrolling=\"no\" class=\"wp-embedded-content\"><\/iframe><script>\n\/*! This file is auto-generated *\/\n!function(d,l){\"use strict\";l.querySelector&&d.addEventListener&&\"undefined\"!=typeof URL&&(d.wp=d.wp||{},d.wp.receiveEmbedMessage||(d.wp.receiveEmbedMessage=function(e){var t=e.data;if((t||t.secret||t.message||t.value)&&!\/[^a-zA-Z0-9]\/.test(t.secret)){for(var s,r,n,a=l.querySelectorAll('iframe[data-secret=\"'+t.secret+'\"]'),o=l.querySelectorAll('blockquote[data-secret=\"'+t.secret+'\"]'),c=new RegExp(\"^https?:$\",\"i\"),i=0;i<o.length;i++)o[i].style.display=\"none\";for(i=0;i<a.length;i++)s=a[i],e.source===s.contentWindow&&(s.removeAttribute(\"style\"),\"height\"===t.message?(1e3<(r=parseInt(t.value,10))?r=1e3:~~r<200&&(r=200),s.height=r):\"link\"===t.message&&(r=new URL(s.getAttribute(\"src\")),n=new URL(t.value),c.test(n.protocol))&&n.host===r.host&&l.activeElement===s&&(d.top.location.href=t.value))}},d.addEventListener(\"message\",d.wp.receiveEmbedMessage,!1),l.addEventListener(\"DOMContentLoaded\",function(){for(var e,t,s=l.querySelectorAll(\"iframe.wp-embedded-content\"),r=0;r<s.length;r++)(t=(e=s[r]).getAttribute(\"data-secret\"))||(t=Math.random().toString(36).substring(2,12),e.src+=\"#?secret=\"+t,e.setAttribute(\"data-secret\",t)),e.contentWindow.postMessage({message:\"ready\",secret:t},\"*\")},!1)))}(window,document);\n\/\/# sourceURL=https:\/\/www.sebald.com\/wp-includes\/js\/wp-embed.min.js\n<\/script>\n","thumbnail_url":"https:\/\/static.sebald.com\/wp-content\/uploads\/anker-usbkabel_featured-image.jpg","thumbnail_width":1200,"thumbnail_height":500,"description":"Eigentlich peinlich, aber mir ist erst vor kurzer Zeit aufgefallen, dass es beim Laden von Ger\u00e4ten, konkret Ger\u00e4te, die per USB geladen werden wie Smartphones oder Tablets, nicht nur auf das Ladeger\u00e4t ankommt sondern auch ganz genau so sehr auf das Kabel. Der Effekt f\u00e4llt einem dann auf, wenn man neben dem mitgelieferten Ladeger\u00e4t und &hellip; Continue reading \"\""}

Ladegeräte und Ladekabel - Sebald.com

<blockquote class="wp-embedded-content" data-secret="bjJfpIFAMd"><a href="https://www.sebald.com/en/2015/03/21/ladegeraete-und-ladekabel/">Ladegeräte und Ladekabel</a></blockquote><iframe sandbox="allow-scripts" security="restricted" src="https://www.sebald.com/en/2015/03/21/ladegeraete-und-ladekabel/embed/#?secret=bjJfpIFAMd" width="600" height="338" title="&#8220;Ladegeräte und Ladekabel&#8221; &#8212; Sebald.com" data-secret="bjJfpIFAMd" frameborder="0" marginwidth="0" marginheight="0" scrolling="no" class="wp-embedded-content"></iframe><script>
/*! This file is auto-generated */
!function(d,l){"use strict";l.querySelector&&d.addEventListener&&"undefined"!=typeof URL&&(d.wp=d.wp||{},d.wp.receiveEmbedMessage||(d.wp.receiveEmbedMessage=function(e){var t=e.data;if((t||t.secret||t.message||t.value)&&!/[^a-zA-Z0-9]/.test(t.secret)){for(var s,r,n,a=l.querySelectorAll('iframe[data-secret="'+t.secret+'"]'),o=l.querySelectorAll('blockquote[data-secret="'+t.secret+'"]'),c=new RegExp("^https?:$","i"),i=0;i<o.length;i++)o[i].style.display="none";for(i=0;i<a.length;i++)s=a[i],e.source===s.contentWindow&&(s.removeAttribute("style"),"height"===t.message?(1e3<(r=parseInt(t.value,10))?r=1e3:~~r<200&&(r=200),s.height=r):"link"===t.message&&(r=new URL(s.getAttribute("src")),n=new URL(t.value),c.test(n.protocol))&&n.host===r.host&&l.activeElement===s&&(d.top.location.href=t.value))}},d.addEventListener("message",d.wp.receiveEmbedMessage,!1),l.addEventListener("DOMContentLoaded",function(){for(var e,t,s=l.querySelectorAll("iframe.wp-embedded-content"),r=0;r<s.length;r++)(t=(e=s[r]).getAttribute("data-secret"))||(t=Math.random().toString(36).substring(2,12),e.src+="#?secret="+t,e.setAttribute("data-secret",t)),e.contentWindow.postMessage({message:"ready",secret:t},"*")},!1)))}(window,document);
//# sourceURL=https://www.sebald.com/wp-includes/js/wp-embed.min.js
</script>

Eigentlich peinlich, aber mir ist erst vor kurzer Zeit aufgefallen, dass es beim Laden von Geräten, konkret Geräte, die per USB geladen werden wie Smartphones oder Tablets, nicht nur auf das Ladegerät ankommt sondern auch ganz genau so sehr auf das Kabel. Der Effekt fällt einem dann auf, wenn man neben dem mitgelieferten Ladegerät und &hellip; Continue reading ""
